s digit of p?
6
Suppose -24 = -4*u - 0*p - p, 3*u - 27 = -3*p. Suppose 2*m - 42 = u*w, -3*w - w + 171 = 5*m. What is the tens digit of m?
3
Suppose -4*a = -8, -5*a + 2 = -y - 3*y. What is the units digit of y?
2
Let m be ((-2)/6)/(4/12). Suppose -a - 12 + 15 = 0. What is the units digit of (m*a)/((-3)/8)?
8
Let c be (-9 + 8)*(-1 + 10). Let y = c - -13. What is the units digit of y?
4
Let u = 7 + -5. Let p(a) = a**3 + 3*a - 3. What is the units digit of p(u)?
1
Let u(y) = 19*y - 5. What is the tens digit of u(3)?
5
Suppose -12*p = -14*p + 96. Suppose 0 = -5*d + 3*f + p + 16, -30 = -3*d - f. What is the tens digit of d?
1
Suppose -2*o = 2*t - 568, 5*o - 4*t = o + 1152. What is the tens digit of o?
8
Let u(y) = y. Let b(m) = 2*m - 12. Let q(k) = -b(k) + 4*u(k). What is the units digit of q(11)?
4
Suppose 5*f - 21 = -3*y, -3*y + 7 = f - y. Suppose -j - 3*j - 8 = 0, 4*n - 78 = f*j. What is the units digit of n?
8
Suppose 5*n - 2*o - 24 = -4*o, -n + 5*o - 6 = 0. Let j = 5 - n. What is the units digit of j?
1
Suppose -6*a + 2054 = 590. What is the hundreds digit of a?
2
Let s(o) = -o**2 + 9*o - 8. Let r = -3 - -10. Let m be s(r). Suppose m = b + b. What is the units digit of b?
3
Let j be ((-8)/1)/(-4) - 2. Let s = 4 + j. What is the units digit of s?
4
Suppose 2*q - 3*q = -10. Let d = 21 - q. What is the units digit of d?
1
Suppose -2*n + 46 = -28. What is the tens digit of n?
3
Suppose -27 = -h - 1. What is the units digit of h?
6
Let y(h) = -9*h**3 + h**2 - h - 1. Let x be y(-1). Let i = x - 1. What is the units digit of i + 3 + (0 - 0)?
2
Let a(f) = f**3 + 4*f**2 + 2*f - 2. What is the units digit of a(-2)?
2
Suppose 0 = 3*d, -3*z = -7*d + 4*d. Let o = 7 - z. What is the units digit of o?
7
Suppose 12 = -d - 0*d. What is the units digit of 2 + -1 - (d + 2)?
1
Suppose 34 = 3*k - k. Suppose -h - k = -4*w, 1 = -h - 0. What is the units digit of w?
4
Suppose 0 = r - s - 4*s - 265, 4*r - s = 1117. What is the units digit of r?
0
Suppose 92 = 3*k - 5*v, -21 = -4*k - 3*v + 63. What is the tens digit of k?
2
Let j(q) = q**3 + 2*q**2 - q + 1. Let p be j(-2). Suppose p*b + 3 = 72. What is the units digit of b?
3
Let l = 182 + -4. What is the tens digit of l?
7
Let g(q) = 27*q + 1. What is the tens digit of g(2)?
5
Let s = 193 - -132. What is the tens digit of s?
2
What is the units digit of ((-6)/2)/(-3) + (-58)/(-1)?
9
Let l(y) be the second derivative of 0 + 1/2*y**2 + 1/20*y**5 - 5*y + 3/4*y**4 - 1/6*y**3. What is the units digit of l(-9)?
0
Let h(l) = l**2 + l. What is the units digit of h(-6)?
0
Let b = -5 - -8. Suppose -b*y + 2*h + 8 + 38 = 0, -y - 2 = -5*h. What is the tens digit of y?
1
Suppose 0 = 18*o + 2952 - 7488. What is the units digit of o?
2
Let y be 2*(-2 - 18/(-4)). Suppose -11 = -k - v, -v = 3*k - 5*v - y. What is the units digit of k?
7
Suppose -3*f - 30 = -8*f. What is the units digit of f?
6
Let t(b) = b + 5 + b - b. Let j be t(-6). What is the units digit of j/((1 + -3)/14)?
7
Let p be (-2)/(-8) + 18/(-8). Let d be 2 + (2 - (0 - p)). Let a(u) = 2*u**3 - 3*u**2 + 2*u - 3. What is the units digit of a(d)?
5
Suppose 3*z - 10 = -1. Let j be (2 + -1)/(z/6). What is the units digit of -1 + (-2 - (-8)/j)?
1
Let r(y) = -y**3 - 11*y**2 + y + 4. Let g be r(-11). Let p(c) = c**3 + 7*c**2 - 8*c + 1. Let d be p(g). Suppose 2*k - 5*k = -d. What is the units digit of k?
9
Let u be 6/(-4)*(-12)/(-18). What is the tens digit of 4 - 6 - (u - 17)?
1
Suppose 0 = -3*o + 15 + 3. Let k(i) = -i**3 + 6*i**2 - i + 7. What is the units digit of k(o)?
1
Suppose 0 = -2*u - 4, 5*h - 88 = -3*u + 51. Let j = 40 - h. What is the units digit of j?
1
Suppose 5*w + 30 = -5*y - 0*w, 4*w = -2*y - 14. What is the units digit of (2 - -2) + y + 4?
3
Let g(w) = -w + 8. Let j = 2 - -2. What is the units digit of g(j)?
4
Suppose 0 = -3*h - 143 + 395. What is the units digit of h?
4
Suppose -4*t - t + 325 = 0. What is the units digit of t?
5
Suppose 0 = -2*i - 5 + 25. Let a = -22 + i. What is the units digit of (-1)/(3/a*2)?
2
Suppose -3*b = f - 56, 4*f - b - 176 - 9 = 0. What is the tens digit of f?
4
Suppose 0 = -5*l - 3 + 13. Suppose -12 = n + l*n. Let t(c) = -c**3 - 2*c**2 + 6*c + 3. What is the tens digit of t(n)?
1
Let f(r) = -r**3 - r + 1. Let y(i) = -4*i**2 + i + 2. Let a(x) = f(x) - y(x). Let t be a(2). Let j = t - 1. What is the units digit of j?
2
Suppose 95 + 175 = 3*b. What is the units digit of b?
0
Let g(t) = -t**3 + 6*t**2 + 3*t. Let q(r) = -3*r**3 + 17*r**2 + 9*r + 1. Let k(z) = 7*g(z) - 2*q(z). Let u be k(8). Let y = u - 6. What is the units digit of y?
6
Let q be 2*(-3)/((-12)/10). Let h(z) = -2*z + 5. Let y be h(q). What is the tens digit of (-609)/(-35) - 3/y?
1
Let p(k) = -k**2 + 10*k + 5. Suppose 14 = 4*z - 26. Let m be p(z). Suppose -m*n + 31 = -19. What is the tens digit of n?
1
Suppose -5*j - 44 = -l - 0*j, -5*l + 340 = -j. What is the tens digit of l?
6
Suppose -7*l + 186 = -4*l. What is the tens digit of l?
6
Let a(j) = -j**3 - 5*j**2 + 6*j + 3. Let m be a(-6). What is the units digit of (m/(-9))/(2/(-54))?
9
Suppose 0 = c + 5, -5*t + 3*t - 4*c = -110. What is the tens digit of t?
6
Let x = 11 + -7. Let k be ((-56)/35)/(1/(-5)). What is the units digit of (-2)/k + 17/x?
4
Let r(l) = 254*l - 5. What is the hundreds digit of r(1)?
2
Suppose -4*x = 4*f - 36, 12 = 4*x - 3*f - 38. What is the units digit of x?
1
Let w(z) = -z**3 - 4*z**2 + 5*z - 11. What is the units digit of w(-6)?
1
Let d(v) = -v**3 - 7*v**2 - 9*v - 2. What is the tens digit of d(-9)?
4
Let h be (5/(-3))/(5/(-495)). Let o = 95 - h. What is the tens digit of (-6)/(-18) + o/(-6)?
1
Let x be -24 - (-4 - (3 + -6)). Let f = x - -42. What is the units digit of f?
9
Let m = 13 - 1. What is the units digit of m?
2
Let x(m) = 5*m - 2. Let r be x(3). Let k = -8 + r. Suppose -k*u = -18 + 3. What is the units digit of u?
3
Let x(c) = -c**2 + 1. Let n be x(-1). Suppose -k - 4*i + n*i + 59 = 0, -5*i - 109 = -3*k. What is the units digit of k?
3
What is the units digit of ((-8)/3)/((-2)/54)?
2
Suppose -4*b = -9 + 1. Suppose -b = -x + 1. What is the units digit of 8 + 0/(x + -2)?
8
Let l(f) = -f - 3. Let c be l(0). What is the units digit of 12/(-2)*6/c?
2
Let i = -187 + 311. What is the tens digit of i?
2
Suppose -43 + 8 = -7*o. What is the units digit of o?
5
Let t(i) = i**3 + i**2 - i + 8. Let w(c) = c**2 + 2*c + 1. Suppose -j = -5*j - 4. Let b be w(j). What is the units digit of t(b)?
8
Suppose -3*v = 5*l - 2 + 22, 0 = -2*v. Suppose -3*u - 1 = -4*x - 10, u = -5. Let p = l - x. What is the units digit of p?
2
Let l = -30 + 46. Suppose 5*d - d + l = 4*f, -3 = -f + 2*d. What is the units digit of f?
5
What is the units digit of 17 + (7 - 1)/(-3)?
5
Suppose 0 = -o + 2*z + 14 + 20, -2*o = 4*z - 100. What is the units digit of o?
2
Let a(f) = 4 + 2 + 0 + 9*f + 2*f**2 - 3*f**2. What is the tens digit of a(6)?
2
Suppose 19*o - 15*o - 88 = 0. What is the units digit of o?
2
Suppose -2*c + 10 = -q, q - 4 = -2*c - q. Suppose -5*y + 222 = c*n + 47, -y = 4*n - 35. What is the units digit of y?
5
Let s = 77 - 25. What is the units digit of s?
2
Let f be -13*(6/2 + -2). Let l = -3 - f. What is the tens digit of l?
1
Let x be (-4)/(-5)*60/(-8). Let i = x - -8. Suppose -a - i + 8 = 0. What is the units digit of a?
6
Let n(j) = 3 - 4*j - 21*j - 2 + 1. What is the units digit of n(-1)?
7
Suppose -221 = -5*m - i, 2*i - 217 = 4*m - 9*m. Suppose q - 6*q = -m. What is the units digit of q?
9
Let f = -7 - -7. Suppose 2*z - 6 = -f. Suppose -5*h + z*m + 45 = 0, h + 0*m - m - 11 = 0. What is the units digit of h?
6
Suppose s = -s + 8. Suppose 2*g - 2 = -s*u, -u - 17 = 4*g - 0*u. Let v(d) = d**3 + 6*d**2 + 3*d - 3. What is the units digit of v(g)?
7
Suppose -5*m = w - 37, -5*m + 45 = 2*w + 3*w. Let a = m + 3. Suppose c = 3, 5*u - 4*c = 43 - a. What is the units digit of u?
9
Let o be (-6)/5 - 1/(-5). Let c be (0 + -1)*(o + 2). What is the units digit of 6/(c/(4/(-2)))?
2
Let r be -2 - (1 - 2) - -3. Suppose r*b - 6 = 4*b. What is the units digit of (-23)/b + 2/6?
8
Let u(x) = -4*x - 4. What is the units digit of u(-4)?
2
Let w(d) = d**2 - 18. Let l be w(0). Suppose 0*j - 3*j + 18 = -2*q, 4*j = -q + 2. Let n = q - l. What is the units digit of n?
2
Let x(q) = q - 1. Let g be x(1). Let j = g - -1. What is the units digit of